{"id":7232,"date":"2023-11-08T03:14:42","date_gmt":"2023-11-08T03:14:42","guid":{"rendered":"https:\/\/drugagimnazija.hr\/?page_id=7232"},"modified":"2024-01-28T04:13:40","modified_gmt":"2024-01-28T03:13:40","slug":"umjetnost-koja-me-inspirira","status":"publish","type":"page","link":"https:\/\/drugagimnazija.hr\/?page_id=7232","title":{"rendered":"Umjetnost koja me inspirira"},"content":{"rendered":"\n<p>Prioritetno podru\u010dje: Razvijanje osje\u0107aja za umjetnost i estetiku u svakodnevnim prizorima.<br>Op\u0107i cilj: Potaknuti kod u\u010denika razvoj aktivnoga promatranja svakodnevice, kriti\u010dke analize sadr\u017eaja i osje\u0107aja za estetiku.<br>Specifi\u010dni ciljevi:<br>Potaknuti u\u010denike na uo\u010davanje uli\u010dne umjetnosti i drugih svakodnevnih prizora koji ih inspiriraju.<br>Potaknuti u\u010denike na povezivanje razli\u010diti perceptivnih osjetila.<br>Potaknuti u\u010denike na umjetni\u010dko izra\u017eavanje.<\/p>\n\n\n\n<p><strong>Voditelji:<\/strong> Anamarija Brzica, prof. i Antonela Mrsi\u0107, pedagoginja<\/p>\n","protected":false},"excerpt":{"rendered":"<p>Prioritetno podru\u010dje: Razvijanje osje\u0107aja za umjetnost i estetiku u svakodnevnim prizorima.Op\u0107i cilj: Potaknuti kod u\u010denika razvoj aktivnoga promatranja svakodnevice, kriti\u010dke [&hellip;]<\/p>\n","protected":false},"author":1,"featured_media":0,"parent":0,"menu_order":0,"comment_status":"closed","ping_status":"closed","template":"","meta":{"cybocfi_hide_featured_image":"","footnotes":""},"class_list":["post-7232","page","type-page","status-publish","hentry"],"_links":{"self":[{"href":"https:\/\/drugagimnazija.hr\/index.php?rest_route=\/wp\/v2\/pages\/7232","targetHints":{"allow":["GET"]}}],"collection":[{"href":"https:\/\/drugagimnazija.hr\/index.php?rest_route=\/wp\/v2\/pages"}],"about":[{"href":"https:\/\/drugagimnazija.hr\/index.php?rest_route=\/wp\/v2\/types\/page"}],"author":[{"embeddable":true,"href":"https:\/\/drugagimnazija.hr\/index.php?rest_route=\/wp\/v2\/users\/1"}],"replies":[{"embeddable":true,"href":"https:\/\/drugagimnazija.hr\/index.php?rest_route=%2Fwp%2Fv2%2Fcomments&post=7232"}],"version-history":[{"count":4,"href":"https:\/\/drugagimnazija.hr\/index.php?rest_route=\/wp\/v2\/pages\/7232\/revisions"}],"predecessor-version":[{"id":9160,"href":"https:\/\/drugagimnazija.hr\/index.php?rest_route=\/wp\/v2\/pages\/7232\/revisions\/9160"}],"wp:attachment":[{"href":"https:\/\/drugagimnazija.hr\/index.php?rest_route=%2Fwp%2Fv2%2Fmedia&parent=7232"}],"curies":[{"name":"wp","href":"https:\/\/api.w.org\/{rel}","templated":true}]}}

<p>Prioritetno područje: Razvijanje osjećaja za umjetnost i estetiku u svakodnevnim prizorima.<br>Opći cilj: Potaknuti kod učenika razvoj aktivnoga promatranja svakodnevice, kritičke analize sadržaja i osjećaja za estetiku.<br>Specifični ciljevi:<br>Potaknuti učenike na uočavanje ulične umjetnosti i drugih svakodnevnih prizora koji ih inspiriraju.<br>Potaknuti učenike na povezivanje različiti perceptivnih osjetila.<br>Potaknuti učenike na umjetničko izražavanje.</p>



<p><strong>Voditelji:</strong> Anamarija Brzica, prof. i Antonela Mrsić, pedagoginja</p>

<p>Prioritetno područje: Razvijanje osjećaja za umjetnost i estetiku u svakodnevnim prizorima.Opći cilj: Potaknuti kod učenika razvoj aktivnoga promatranja svakodnevice, kritičke [&hellip;]</p>
