{"id":7228,"date":"2023-11-08T03:13:53","date_gmt":"2023-11-08T03:13:53","guid":{"rendered":"https:\/\/drugagimnazija.hr\/?page_id=7228"},"modified":"2024-01-28T04:44:25","modified_gmt":"2024-01-28T03:44:25","slug":"razvoj-socioemocionalnih-vjestina","status":"publish","type":"page","link":"https:\/\/drugagimnazija.hr\/?page_id=7228","title":{"rendered":"Razvoj socioemocionalnih vje\u0161tina"},"content":{"rendered":"\n<p>Prioritetno podru\u010dje: Razvoj socijalnih i emocionalnih vje\u0161tina u svakodnevnom \u017eivotu.<br>Ciljevi: Prevencija rizi\u010dnog pona\u0161anja, ja\u010danje za\u0161titnih faktora, osvje\u0161\u0107ivanje rizi\u010dnih faktora, razvoj samopouzdanja, prihva\u0107anja drugih, komunikacijskih vje\u0161tina<\/p>\n\n\n\n<p>Voditelj: Antonela Mrsi\u0107, pedagoginja<\/p>\n","protected":false},"excerpt":{"rendered":"<p>Prioritetno podru\u010dje: Razvoj socijalnih i emocionalnih vje\u0161tina u svakodnevnom \u017eivotu.Ciljevi: Prevencija rizi\u010dnog pona\u0161anja, ja\u010danje za\u0161titnih faktora, osvje\u0161\u0107ivanje rizi\u010dnih faktora, razvoj [&hellip;]<\/p>\n","protected":false},"author":1,"featured_media":0,"parent":0,"menu_order":0,"comment_status":"closed","ping_status":"closed","template":"","meta":{"cybocfi_hide_featured_image":"","footnotes":""},"class_list":["post-7228","page","type-page","status-publish","hentry"],"_links":{"self":[{"href":"https:\/\/drugagimnazija.hr\/index.php?rest_route=\/wp\/v2\/pages\/7228","targetHints":{"allow":["GET"]}}],"collection":[{"href":"https:\/\/drugagimnazija.hr\/index.php?rest_route=\/wp\/v2\/pages"}],"about":[{"href":"https:\/\/drugagimnazija.hr\/index.php?rest_route=\/wp\/v2\/types\/page"}],"author":[{"embeddable":true,"href":"https:\/\/drugagimnazija.hr\/index.php?rest_route=\/wp\/v2\/users\/1"}],"replies":[{"embeddable":true,"href":"https:\/\/drugagimnazija.hr\/index.php?rest_route=%2Fwp%2Fv2%2Fcomments&post=7228"}],"version-history":[{"count":5,"href":"https:\/\/drugagimnazija.hr\/index.php?rest_route=\/wp\/v2\/pages\/7228\/revisions"}],"predecessor-version":[{"id":9183,"href":"https:\/\/drugagimnazija.hr\/index.php?rest_route=\/wp\/v2\/pages\/7228\/revisions\/9183"}],"wp:attachment":[{"href":"https:\/\/drugagimnazija.hr\/index.php?rest_route=%2Fwp%2Fv2%2Fmedia&parent=7228"}],"curies":[{"name":"wp","href":"https:\/\/api.w.org\/{rel}","templated":true}]}}

Razvoj socioemocionalnih vještina

<p>Prioritetno područje: Razvoj socijalnih i emocionalnih vještina u svakodnevnom životu.<br>Ciljevi: Prevencija rizičnog ponašanja, jačanje zaštitnih faktora, osvješćivanje rizičnih faktora, razvoj samopouzdanja, prihvaćanja drugih, komunikacijskih vještina</p>



<p>Voditelj: Antonela Mrsić, pedagoginja</p>

<p>Prioritetno područje: Razvoj socijalnih i emocionalnih vještina u svakodnevnom životu.Ciljevi: Prevencija rizičnog ponašanja, jačanje zaštitnih faktora, osvješćivanje rizičnih faktora, razvoj [&hellip;]</p>
