{"id":7222,"date":"2023-11-08T03:12:07","date_gmt":"2023-11-08T03:12:07","guid":{"rendered":"https:\/\/drugagimnazija.hr\/?page_id=7222"},"modified":"2024-01-28T05:11:05","modified_gmt":"2024-01-28T04:11:05","slug":"zajedno-u-krizi","status":"publish","type":"page","link":"https:\/\/drugagimnazija.hr\/?page_id=7222","title":{"rendered":"Zajedno u krizi"},"content":{"rendered":"\n<p>Prioritetno podru\u010dje: Volontiranje i aktivizam mladih<br>Ciljevi Op\u0107i: cilj je razvoj kriti\u010dkoga promi\u0161ljanja o stanju u svijetu po pitanju marginaliziranih skupina te razvijanje volonterskih kompetencija.<br>Specifi\u010dni su ciljevi:<br>Obuka u\u010denika za volontiranje od uo\u010davanja problema do konkretnoga planiranja i provedbe volonterske akcije.<br>Razvoj empatije.<br>Razvoj vje\u0161tina planiranja i organizacije.<br>Poticanje u\u010denika na voluntarizam i aktivizam.<br>Provedba volonterske akcije u \u0161koli.<\/p>\n\n\n\n<p><strong>Voditelj:<\/strong> Antonela Mrsi\u0107, pedagoginja<\/p>\n","protected":false},"excerpt":{"rendered":"<p>Prioritetno podru\u010dje: Volontiranje i aktivizam mladihCiljevi Op\u0107i: cilj je razvoj kriti\u010dkoga promi\u0161ljanja o stanju u svijetu po pitanju marginaliziranih skupina [&hellip;]<\/p>\n","protected":false},"author":1,"featured_media":0,"parent":0,"menu_order":0,"comment_status":"closed","ping_status":"closed","template":"","meta":{"cybocfi_hide_featured_image":"","footnotes":""},"class_list":["post-7222","page","type-page","status-publish","hentry"],"_links":{"self":[{"href":"https:\/\/drugagimnazija.hr\/index.php?rest_route=\/wp\/v2\/pages\/7222","targetHints":{"allow":["GET"]}}],"collection":[{"href":"https:\/\/drugagimnazija.hr\/index.php?rest_route=\/wp\/v2\/pages"}],"about":[{"href":"https:\/\/drugagimnazija.hr\/index.php?rest_route=\/wp\/v2\/types\/page"}],"author":[{"embeddable":true,"href":"https:\/\/drugagimnazija.hr\/index.php?rest_route=\/wp\/v2\/users\/1"}],"replies":[{"embeddable":true,"href":"https:\/\/drugagimnazija.hr\/index.php?rest_route=%2Fwp%2Fv2%2Fcomments&post=7222"}],"version-history":[{"count":5,"href":"https:\/\/drugagimnazija.hr\/index.php?rest_route=\/wp\/v2\/pages\/7222\/revisions"}],"predecessor-version":[{"id":9197,"href":"https:\/\/drugagimnazija.hr\/index.php?rest_route=\/wp\/v2\/pages\/7222\/revisions\/9197"}],"wp:attachment":[{"href":"https:\/\/drugagimnazija.hr\/index.php?rest_route=%2Fwp%2Fv2%2Fmedia&parent=7222"}],"curies":[{"name":"wp","href":"https:\/\/api.w.org\/{rel}","templated":true}]}}

<p>Prioritetno područje: Volontiranje i aktivizam mladih<br>Ciljevi Opći: cilj je razvoj kritičkoga promišljanja o stanju u svijetu po pitanju marginaliziranih skupina te razvijanje volonterskih kompetencija.<br>Specifični su ciljevi:<br>Obuka učenika za volontiranje od uočavanja problema do konkretnoga planiranja i provedbe volonterske akcije.<br>Razvoj empatije.<br>Razvoj vještina planiranja i organizacije.<br>Poticanje učenika na voluntarizam i aktivizam.<br>Provedba volonterske akcije u školi.</p>



<p><strong>Voditelj:</strong> Antonela Mrsić, pedagoginja</p>

<p>Prioritetno područje: Volontiranje i aktivizam mladihCiljevi Opći: cilj je razvoj kritičkoga promišljanja o stanju u svijetu po pitanju marginaliziranih skupina [&hellip;]</p>
