{"id":7220,"date":"2023-11-08T03:11:46","date_gmt":"2023-11-08T03:11:46","guid":{"rendered":"https:\/\/drugagimnazija.hr\/?page_id=7220"},"modified":"2024-01-29T03:56:45","modified_gmt":"2024-01-29T02:56:45","slug":"edukacija-mladih-edukatora","status":"publish","type":"page","link":"https:\/\/drugagimnazija.hr\/?page_id=7220","title":{"rendered":"Edukacija mladih edukatora"},"content":{"rendered":"\n<p>Prioritetno podru\u010dje: Univerzalna prevencija rizi\u010dnih pona\u0161anja kod u\u010denika<br>Ciljevi: Op\u0107i cilj projekta je doprinijeti razvoju zdravih \u017eivotnih stilova i pove\u0107anju kvalitete \u017eivota djece i mladih, provedbom izvannastavnih, sveobuhvatnih, vi\u0161ekomponentnih programa univerzalne prevencije rizi\u010dnih pona\u0161anja u Splitsko-dalmatinskoj \u017eupaniji.<\/p>\n\n\n\n<p>Specifi\u010dni ciljevi projekta su:<\/p>\n\n\n\n<ol class=\"wp-block-list\">\n<li>uklju\u010divanjem i aktivnim sudjelovanjem u programu vr\u0161nja\u010dke edukacije, unaprije\u0111ene su \u017eivotne vje\u0161tine mladih;<\/li>\n\n\n\n<li>djeca i mladi su informirani i educirani o kratkoro\u010dnim i dugoro\u010dnim \u0161tetnim u\u010dincima rizi\u010dnih pona\u0161anja na zdravlje te o na\u010dinima unaprje\u0111enja zdravlja i kvalitete \u017eivota;<\/li>\n\n\n\n<li>pove\u0107ani profesionalni i osobni kapaciteti stru\u010dnih djelatnika u lokalnoj zajednici i unaprije\u0111ena je suradnja lokalne mre\u017ee dionika u razvoju i implementaciji programa za\u0161tite zdravlja.<\/li>\n<\/ol>\n\n\n\n<p>Voditeljica: Antonela Mrsi\u0107, pedagoginja<\/p>\n","protected":false},"excerpt":{"rendered":"<p>Prioritetno podru\u010dje: Univerzalna prevencija rizi\u010dnih pona\u0161anja kod u\u010denikaCiljevi: Op\u0107i cilj projekta je doprinijeti razvoju zdravih \u017eivotnih stilova i pove\u0107anju kvalitete [&hellip;]<\/p>\n","protected":false},"author":1,"featured_media":0,"parent":0,"menu_order":0,"comment_status":"closed","ping_status":"closed","template":"","meta":{"cybocfi_hide_featured_image":"","footnotes":""},"class_list":["post-7220","page","type-page","status-publish","hentry"],"_links":{"self":[{"href":"https:\/\/drugagimnazija.hr\/index.php?rest_route=\/wp\/v2\/pages\/7220","targetHints":{"allow":["GET"]}}],"collection":[{"href":"https:\/\/drugagimnazija.hr\/index.php?rest_route=\/wp\/v2\/pages"}],"about":[{"href":"https:\/\/drugagimnazija.hr\/index.php?rest_route=\/wp\/v2\/types\/page"}],"author":[{"embeddable":true,"href":"https:\/\/drugagimnazija.hr\/index.php?rest_route=\/wp\/v2\/users\/1"}],"replies":[{"embeddable":true,"href":"https:\/\/drugagimnazija.hr\/index.php?rest_route=%2Fwp%2Fv2%2Fcomments&post=7220"}],"version-history":[{"count":5,"href":"https:\/\/drugagimnazija.hr\/index.php?rest_route=\/wp\/v2\/pages\/7220\/revisions"}],"predecessor-version":[{"id":9203,"href":"https:\/\/drugagimnazija.hr\/index.php?rest_route=\/wp\/v2\/pages\/7220\/revisions\/9203"}],"wp:attachment":[{"href":"https:\/\/drugagimnazija.hr\/index.php?rest_route=%2Fwp%2Fv2%2Fmedia&parent=7220"}],"curies":[{"name":"wp","href":"https:\/\/api.w.org\/{rel}","templated":true}]}}

<p>Prioritetno područje: Univerzalna prevencija rizičnih ponašanja kod učenika<br>Ciljevi: Opći cilj projekta je doprinijeti razvoju zdravih životnih stilova i povećanju kvalitete života djece i mladih, provedbom izvannastavnih, sveobuhvatnih, višekomponentnih programa univerzalne prevencije rizičnih ponašanja u Splitsko-dalmatinskoj županiji.</p>



<p>Specifični ciljevi projekta su:</p>



<ol class="wp-block-list">
<li>uključivanjem i aktivnim sudjelovanjem u programu vršnjačke edukacije, unaprijeđene su životne vještine mladih;</li>



<li>djeca i mladi su informirani i educirani o kratkoročnim i dugoročnim štetnim učincima rizičnih ponašanja na zdravlje te o načinima unaprjeđenja zdravlja i kvalitete života;</li>



<li>povećani profesionalni i osobni kapaciteti stručnih djelatnika u lokalnoj zajednici i unaprijeđena je suradnja lokalne mreže dionika u razvoju i implementaciji programa zaštite zdravlja.</li>
</ol>



<p>Voditeljica: Antonela Mrsić, pedagoginja</p>

<p>Prioritetno područje: Univerzalna prevencija rizičnih ponašanja kod učenikaCiljevi: Opći cilj projekta je doprinijeti razvoju zdravih životnih stilova i povećanju kvalitete [&hellip;]</p>
