{"id":7213,"date":"2023-11-08T03:09:35","date_gmt":"2023-11-08T03:09:35","guid":{"rendered":"https:\/\/drugagimnazija.hr\/?page_id=7213"},"modified":"2024-01-29T04:35:04","modified_gmt":"2024-01-29T03:35:04","slug":"uciti-kako-uciti","status":"publish","type":"page","link":"https:\/\/drugagimnazija.hr\/?page_id=7213","title":{"rendered":"U\u010diti kako u\u010diti"},"content":{"rendered":"\n<p>Prioritetno podru\u010dje: Razvoj kompetencije u\u010diti kako u\u010diti<br>Ciljevi: Op\u0107i cilj je osposobiti u\u010denike za u\u010dinkovitu organizaciju, upravljanje vlastitim u\u010denjem, razvoj pozitivnog stava prema u\u010denju i pozitivne privr\u017eenosti \u0161koli.<br>Specifi\u010dni ciljevi su:<br>Potaknuti razvoj vje\u0161tine organizacije vlastitog vremena kod u\u010denika.<br>Potaknuti razvoj samostalnosti i odgovornosti kod u\u010denika.<br>Potaknuti u\u010denike na operacionalizaciju vlastitih ciljeva.<\/p>\n\n\n\n<p>Voditeljica: Antonela Mrsi\u0107, pedagoginja<\/p>\n","protected":false},"excerpt":{"rendered":"<p>Prioritetno podru\u010dje: Razvoj kompetencije u\u010diti kako u\u010ditiCiljevi: Op\u0107i cilj je osposobiti u\u010denike za u\u010dinkovitu organizaciju, upravljanje vlastitim u\u010denjem, razvoj pozitivnog [&hellip;]<\/p>\n","protected":false},"author":1,"featured_media":0,"parent":0,"menu_order":0,"comment_status":"closed","ping_status":"closed","template":"","meta":{"cybocfi_hide_featured_image":"","footnotes":""},"class_list":["post-7213","page","type-page","status-publish","hentry"],"_links":{"self":[{"href":"https:\/\/drugagimnazija.hr\/index.php?rest_route=\/wp\/v2\/pages\/7213","targetHints":{"allow":["GET"]}}],"collection":[{"href":"https:\/\/drugagimnazija.hr\/index.php?rest_route=\/wp\/v2\/pages"}],"about":[{"href":"https:\/\/drugagimnazija.hr\/index.php?rest_route=\/wp\/v2\/types\/page"}],"author":[{"embeddable":true,"href":"https:\/\/drugagimnazija.hr\/index.php?rest_route=\/wp\/v2\/users\/1"}],"replies":[{"embeddable":true,"href":"https:\/\/drugagimnazija.hr\/index.php?rest_route=%2Fwp%2Fv2%2Fcomments&post=7213"}],"version-history":[{"count":5,"href":"https:\/\/drugagimnazija.hr\/index.php?rest_route=\/wp\/v2\/pages\/7213\/revisions"}],"predecessor-version":[{"id":9225,"href":"https:\/\/drugagimnazija.hr\/index.php?rest_route=\/wp\/v2\/pages\/7213\/revisions\/9225"}],"wp:attachment":[{"href":"https:\/\/drugagimnazija.hr\/index.php?rest_route=%2Fwp%2Fv2%2Fmedia&parent=7213"}],"curies":[{"name":"wp","href":"https:\/\/api.w.org\/{rel}","templated":true}]}}

Učiti kako učiti

<p>Prioritetno područje: Razvoj kompetencije učiti kako učiti<br>Ciljevi: Opći cilj je osposobiti učenike za učinkovitu organizaciju, upravljanje vlastitim učenjem, razvoj pozitivnog stava prema učenju i pozitivne privrženosti školi.<br>Specifični ciljevi su:<br>Potaknuti razvoj vještine organizacije vlastitog vremena kod učenika.<br>Potaknuti razvoj samostalnosti i odgovornosti kod učenika.<br>Potaknuti učenike na operacionalizaciju vlastitih ciljeva.</p>



<p>Voditeljica: Antonela Mrsić, pedagoginja</p>

<p>Prioritetno područje: Razvoj kompetencije učiti kako učitiCiljevi: Opći cilj je osposobiti učenike za učinkovitu organizaciju, upravljanje vlastitim učenjem, razvoj pozitivnog [&hellip;]</p>
