{"id":7169,"date":"2023-11-08T02:19:38","date_gmt":"2023-11-08T02:19:38","guid":{"rendered":"https:\/\/drugagimnazija.hr\/?page_id=7169"},"modified":"2024-01-27T05:18:49","modified_gmt":"2024-01-27T04:18:49","slug":"natjecanje-izlozba-ucenika-iz-podrucja-vizualnih-umjetnosti-i-dizajna-%e2%80%92-lik","status":"publish","type":"page","link":"https:\/\/drugagimnazija.hr\/?page_id=7169","title":{"rendered":"Natjecanje \u2013 izlo\u017eba u\u010denika iz podru\u010dja vizualnih umjetnosti i dizajna \u2012 LIK"},"content":{"rendered":"","protected":false},"excerpt":{"rendered":"","protected":false},"author":1,"featured_media":0,"parent":0,"menu_order":0,"comment_status":"closed","ping_status":"closed","template":"","meta":{"cybocfi_hide_featured_image":"","footnotes":""},"class_list":["post-7169","page","type-page","status-publish","hentry"],"_links":{"self":[{"href":"https:\/\/drugagimnazija.hr\/index.php?rest_route=\/wp\/v2\/pages\/7169","targetHints":{"allow":["GET"]}}],"collection":[{"href":"https:\/\/drugagimnazija.hr\/index.php?rest_route=\/wp\/v2\/pages"}],"about":[{"href":"https:\/\/drugagimnazija.hr\/index.php?rest_route=\/wp\/v2\/types\/page"}],"author":[{"embeddable":true,"href":"https:\/\/drugagimnazija.hr\/index.php?rest_route=\/wp\/v2\/users\/1"}],"replies":[{"embeddable":true,"href":"https:\/\/drugagimnazija.hr\/index.php?rest_route=%2Fwp%2Fv2%2Fcomments&post=7169"}],"version-history":[{"count":5,"href":"https:\/\/drugagimnazija.hr\/index.php?rest_route=\/wp\/v2\/pages\/7169\/revisions"}],"predecessor-version":[{"id":9008,"href":"https:\/\/drugagimnazija.hr\/index.php?rest_route=\/wp\/v2\/pages\/7169\/revisions\/9008"}],"wp:attachment":[{"href":"https:\/\/drugagimnazija.hr\/index.php?rest_route=%2Fwp%2Fv2%2Fmedia&parent=7169"}],"curies":[{"name":"wp","href":"https:\/\/api.w.org\/{rel}","templated":true}]}}

Natjecanje – izložba učenika iz područja vizualnih umjetnosti i dizajna ‒ LIK
